{"id":15662,"date":"2024-01-11T14:01:06","date_gmt":"2024-01-11T14:01:06","guid":{"rendered":"https:\/\/aera.ba\/?post_type=product&#038;p=15662"},"modified":"2024-01-12T10:46:23","modified_gmt":"2024-01-12T10:46:23","slug":"bry-middle-2wrs-blc-track-rail-connector","status":"publish","type":"product","link":"https:\/\/aera.ba\/?product=bry-middle-2wrs-blc-track-rail-connector","title":{"rendered":"BRY-MIDDLE-2WRS-BLC-TRACK RAIL CONNECTOR"},"content":{"rendered":"<p data-sourcepos=\"19:1-19:2\"><strong>Tehni\u010dke specifikacije:<\/strong><\/p>\n<ul data-sourcepos=\"21:1-35:0\">\n<li data-sourcepos=\"21:1-21:19\">Model:\u00a0BY40-00241<\/li>\n<li data-sourcepos=\"22:1-22:12\">Boja:\u00a0Crna<\/li>\n<li data-sourcepos=\"23:1-23:14\">Grlo:\u00a02 \u017eice<\/li>\n<li data-sourcepos=\"24:1-24:17\">Napon:\u00a0220-240V<\/li>\n<li data-sourcepos=\"25:1-25:15\">Materijal:\u00a0PC<\/li>\n<li data-sourcepos=\"26:1-26:34\">Radna temperatura:\u00a0-20\u00b0C do 40\u00b0C<\/li>\n<li data-sourcepos=\"27:1-27:23\">Frekvencija:\u00a050-60 Hz<\/li>\n<li data-sourcepos=\"28:1-28:33\">Dimenzije pakovanja:\u00a078x34x20mm<\/li>\n<li data-sourcepos=\"29:1-29:15\">Du\u017eina:\u00a0360mm<\/li>\n<li data-sourcepos=\"30:1-30:15\">\u0160irina:\u00a0230mm<\/li>\n<li data-sourcepos=\"31:1-31:15\">Visina:\u00a0220mm<\/li>\n<\/ul>\n<p>Ne dopustite da sitnice rastuju u velike probleme. Uzmite kontrolu nad svakom detaljom va\u0161e tra\u010dni\u010dke rasvjete sa pouzdanim i diskretnim spojnicama BY40-00241. Naru\u010dite svoj paket danas i u\u017eivajte u savr\u0161eno sjedinjenim i besprijekorno funkcionalnim rasvjetnom sistemu!<\/p>\n","protected":false},"excerpt":{"rendered":"<p data-sourcepos=\"3:1-3:264\">U pozadini svake savr\u0161ene rasvjetne kompozicije nalaze se diskretni heroji koji omogu\u0107uju njen \u017eivot. Spojnica za tra\u010dnice BY40-00241 upravo to i jeste &#8211; mali ali neophodan element koji spaja i osigurava va\u0161 tra\u010dni\u010dki sistem, ostaju\u0107i pri tome eleganto skriven od pogleda.<\/p>\n","protected":false},"featured_media":15663,"template":"","meta":[],"product_brand":[148],"product_cat":[147,102],"product_tag":[],"class_list":{"0":"post-15662","1":"product","2":"type-product","3":"status-publish","4":"has-post-thumbnail","6":"product_brand-brayton","7":"product_cat-najprodavanije","8":"product_cat-sinska-rasvjeta","11":"first","12":"instock","13":"shipping-taxable","14":"purchasable","15":"product-type-simple"},"_links":{"self":[{"href":"https:\/\/aera.ba\/index.php?rest_route=\/wp\/v2\/product\/15662","targetHints":{"allow":["GET"]}}],"collection":[{"href":"https:\/\/aera.ba\/index.php?rest_route=\/wp\/v2\/product"}],"about":[{"href":"https:\/\/aera.ba\/index.php?rest_route=\/wp\/v2\/types\/product"}],"wp:featuredmedia":[{"embeddable":true,"href":"https:\/\/aera.ba\/index.php?rest_route=\/wp\/v2\/media\/15663"}],"wp:attachment":[{"href":"https:\/\/aera.ba\/index.php?rest_route=%2Fwp%2Fv2%2Fmedia&parent=15662"}],"wp:term":[{"taxonomy":"product_brand","embeddable":true,"href":"https:\/\/aera.ba\/index.php?rest_route=%2Fwp%2Fv2%2Fproduct_brand&post=15662"},{"taxonomy":"product_cat","embeddable":true,"href":"https:\/\/aera.ba\/index.php?rest_route=%2Fwp%2Fv2%2Fproduct_cat&post=15662"},{"taxonomy":"product_tag","embeddable":true,"href":"https:\/\/aera.ba\/index.php?rest_route=%2Fwp%2Fv2%2Fproduct_tag&post=15662"}],"curies":[{"name":"wp","href":"https:\/\/api.w.org\/{rel}","templated":true}]}}