{"id":98,"date":"2023-12-14T10:15:04","date_gmt":"2023-12-14T10:15:04","guid":{"rendered":"https:\/\/aera.ba\/?page_id=98"},"modified":"2023-12-14T10:15:04","modified_gmt":"2023-12-14T10:15:04","slug":"refund_returns","status":"publish","type":"page","link":"https:\/\/aera.ba\/?page_id=98","title":{"rendered":"Politika reklamacija i povrata"},"content":{"rendered":"\n<p><\/p>\n\n\n\n<p>Na\u0161a politika povrata i reklamacija traje 30 dana od datuma kupovine. Ako je pro\u0161lo vi\u0161e od 30 dana od va\u0161e kupovine, na\u017ealost, ne mo\u017eemo ponuditi povrat novca ili zamjenu.<\/p>\n\n\n\n<p>Kako biste bili kvalificirani za povrat proizvoda, proizvod mora biti nekori\u0161ten i u istom stanju kao \u0161to ste ga primili. Tako\u0111er, mora se nalaziti u originalnom pakiranju.<\/p>\n\n\n\n<p>Postoje odre\u0111ene situacije u kojima ne mo\u017eemo prihvatiti povrat:<\/p>\n\n\n\n<ul class=\"wp-block-list\">\n<li>Proizvodi koji su kori\u0161teni ili ne uklju\u010duju ra\u010dun ili odgovaraju\u0107i garantni list.<\/li>\n<\/ul>\n\n\n\n<p>Napominjemo da prodajemo isklju\u010divo proizvode za osvjetljenje te da su na\u0161i proizvodi isklju\u010deni iz opsega robe koja se mo\u017ee vratiti poput hrane, cvije\u0107a ili drugih nepokvarljivih proizvoda.<\/p>\n\n\n\n<p>Kako biste izvr\u0161ili povrat, molimo kontaktirajte nas na {email adresa}. Kupac je odgovoran za tro\u0161kove dostave prilikom povrata proizvoda.<\/p>\n\n\n\n<p>Hvala vam \u0161to koristite usluge Aera Lightinga i \u0161to nam vjerujete sa svojim povratima i reklamacijama. Posve\u0107eni smo osiguravanju zadovoljstva na\u0161ih kupaca te pru\u017eanju kvalitetnih proizvoda i usluga.<\/p>\n","protected":false},"excerpt":{"rendered":"<p>Na\u0161a politika povrata i reklamacija traje 30 dana od datuma kupovine. Ako je pro\u0161lo vi\u0161e od 30 dana od va\u0161e kupovine, na\u017ealost, ne mo\u017eemo ponuditi povrat novca ili zamjenu. Kako biste bili kvalificirani za povrat proizvoda, proizvod mora biti nekori\u0161ten i u istom stanju kao \u0161to ste ga primili. Tako\u0111er, mora se nalaziti u originalnom [&hellip;]<\/p>\n","protected":false},"author":315,"featured_media":0,"parent":0,"menu_order":0,"comment_status":"closed","ping_status":"closed","template":"","meta":{"footnotes":""},"class_list":["post-98","page","type-page","status-publish","hentry"],"_hostinger_reach_plugin_has_subscription_block":false,"_hostinger_reach_plugin_is_elementor":false,"_links":{"self":[{"href":"https:\/\/aera.ba\/index.php?rest_route=\/wp\/v2\/pages\/98","targetHints":{"allow":["GET"]}}],"collection":[{"href":"https:\/\/aera.ba\/index.php?rest_route=\/wp\/v2\/pages"}],"about":[{"href":"https:\/\/aera.ba\/index.php?rest_route=\/wp\/v2\/types\/page"}],"author":[{"embeddable":true,"href":"https:\/\/aera.ba\/index.php?rest_route=\/wp\/v2\/users\/315"}],"replies":[{"embeddable":true,"href":"https:\/\/aera.ba\/index.php?rest_route=%2Fwp%2Fv2%2Fcomments&post=98"}],"version-history":[{"count":1,"href":"https:\/\/aera.ba\/index.php?rest_route=\/wp\/v2\/pages\/98\/revisions"}],"predecessor-version":[{"id":15158,"href":"https:\/\/aera.ba\/index.php?rest_route=\/wp\/v2\/pages\/98\/revisions\/15158"}],"wp:attachment":[{"href":"https:\/\/aera.ba\/index.php?rest_route=%2Fwp%2Fv2%2Fmedia&parent=98"}],"curies":[{"name":"wp","href":"https:\/\/api.w.org\/{rel}","templated":true}]}}